culate a(5).
7
Let c(n) = -31*n**2 - 113*n + 442. Calculate c(4).
-506
Let y(m) = -113*m - 6560. What is y(-57)?
-119
Let d(k) = 59*k + 2410. Give d(-41).
-9
Let a(y) = 2*y**3 - 4*y**2 - 3*y + 7. Give a(3).
16
Let u(f) = -9*f**3 - 3*f**2 + 8*f - 19. Give u(3).
-265
Let i(n) = 7*n**2 - 808*n + 328. Give i(115).
-17
Let s(z) = 3*z + 23. What is s(-7)?
2
Let b(y) = -y**2 + 10*y - 10. Determine b(6).
14
Let c(a) = 160*a + 2673. Calculate c(-17).
-47
Let u(m) = 2*m**3 + 49*m**2 - 27*m - 46. What is u(-25)?
4
Let b(i) = -2*i**3 - 144*i**2 - 135*i + 493. Determine b(-71).
-4
Let v(c) = 3*c**2 + 75*c + 396. Calculate v(-16).
-36
Let b(z) = -z**2 - 17*z + 31. Calculate b(4).
-53
Let f(q) = -53*q + 1561. Give f(29).
24
Let d(j) = -6338*j - 5. Calculate d(0).
-5
Let r(y) = 13*y**3 - 270*y**2 + 199*y + 19. What is r(20)?
-1
Let b(d) = -d**2 - 8*d - 18. Give b(-8).
-18
Let a(j) = 1111*j - 238868. Determine a(215).
-3
Let j(s) = -310*s + 431. Calculate j(3).
-499
Let l(t) = -24*t + 17. Determine l(-2).
65
Let h(d) = 564*d**2 - 17*d - 13. What is h(-1)?
568
Let g(q) = 85*q + 4. Calculate g(-1).
-81
Let n(b) = -2*b**3 + 242*b**2 - 6*b + 618. Give n(121).
-108
Let n(g) = 2*g**3 - 79*g**2 - 40*g - 133. What is n(40)?
-133
Let o(u) = 31*u + 419. Give o(-13).
16
Let x(l) = 3*l**2 - 7*l - 118. Calculate x(9).
62
Let w(b) = 17*b + 251. Give w(-16).
-21
Let a(x) = -x**3 - x**2 + 16*x + 26. Determine a(-4).
10
Let k(s) = -s**3 + 21*s**2 - 51*s + 55. Calculate k(18).
109
Let d(l) = -97*l + 158. Give d(1).
61
Let r(z) = -31*z**2 + 3*z. Give r(-1).
-34
Let o(b) = -b**2 + 79*b + 7183. Calculate o(133).
1
Let g(c) = c**3 + 3*c**2 - 4*c - 10. Determine g(-4).
-10
Let j(m) = -137*m - 1104. What is j(-8)?
-8
Let d(c) = -c**2 + 86*c - 808. Calculate d(10).
-48
Let b(f) = -20*f**2 + 352*f. Give b(18).
-144
Let o(z) = 1715*z + 5114. What is o(-3)?
-31
Let c(g) = 7868*g + 39343. What is c(-5)?
3
Let f(y) = -y**3 + 14*y**2 - 65*y + 66. Give f(6).
-36
Let j(v) = 9*v**3 - 135*v**2 - v + 14. Determine j(15).
-1
Let j(t) = -831*t + 9955. Calculate j(12).
-17
Let i(o) = -3*o**3 + 3*o**2 - 5*o - 14. Calculate i(-3).
109
Let c(q) = q**2 - 203*q + 7859. Determine c(151).
7
Let t(y) = 46*y**3 - 2*y**2 + 3*y. Calculate t(1).
47
Let w(z) = 3*z**3 + 7*z**2 - 8*z + 3. Give w(2).
39
Let t(j) = -14*j**2 + 657*j + 42. Determine t(47).
-5
Let l(r) = 91*r**2 + 21*r + 22. What is l(-1)?
92
Let n(r) = -r**3 - 9*r**2 + 18*r + 20. Calculate n(-10).
-60
Let i(c) = -c**3 + 18*c**2 - 20*c + 19. Determine i(17).
-32
Let m(d) = -d**3 + 5*d**2 + 32*d + 13. Determine m(9).
-23
Let y(f) = 48*f - 640. Give y(13).
-16
Let o(z) = -81*z - 1162. Give o(-10).
-352
Let g(x) = -2*x**3 + 66*x**2 - 320*x + 8210. Give g(32).
18
Let g(f) = -4*f**2 - 61*f - 32. Calculate g(-13).
85
Let u(v) = -4*v + 104. What is u(1)?
100
Let w(f) = 52*f**2 - 2*f - 2. Determine w(-1).
52
Let n(s) = 71*s + 10500. Determine n(-148).
-8
Let b(m) = 72*m + 209. Give b(0).
209
Let y(a) = -a**3 - 14*a**2 + 10*a - 205. Calculate y(-15).
-130
Let f(n) = -4*n + 521. Give f(-65).
781
Let y(j) = -j**3 + 58*j**2 - 309*j - 80. What is y(52)?
76
Let x(o) = -19*o - 1274. Calculate x(-69).
37
Let x(h) = h**3 + 3*h**2 + 61*h - 399. Calculate x(5).
106
Let r(d) = -7*d**3 - 6*d**2 + 11*d - 53. What is r(5)?
-1023
Let v(j) = -j**3 - 46*j**2 - 90*j - 102. What is v(-44)?
-14
Let t(h) = h**2 - 45*h + 434. Determine t(29).
-30
Let t(u) = -u**2 - 958*u - 72622. Calculate t(-83).
3
Let c(i) = 65*i - 14. Give c(1).
51
Let x(g) = -g**3 - 8*g**2 + g - 45. Calculate x(-9).
27
Let n(o) = -357*o - 90692. Determine n(-254).
-14
Let z(c) = -c**3 - 34*c**2 - 287*c - 292. Give z(-21).
2
Let s(d) = -149*d + 6706. What is s(45)?
1
Let d(g) = 2*g**2 - 11*g + 71. Give d(11).
192
Let l(i) = i**2 + 93*i + 1782. Give l(-24).
126
Let j(f) = -8*f - 1. What is j(12)?
-97
Let n(g) = g**2 + 3*g - 91. Give n(-12).
17
Let t(w) = -8*w - 351. Determine t(-41).
-23
Let a(i) = -25*i**2 + 11*i + 24. What is a(-3)?
-234
Let y(i) = -8*i**2 + 51*i + 100. Give y(8).
-4
Let l(y) = -y**2 + 70*y - 342. Calculate l(5).
-17
Let n(s) = -4*s**3 - 461*s**2 - 116*s - 167. Determine n(-115).
-52
Let o(h) = -13136*h + 78816. Calculate o(6).
0
Let z(h) = h**2 + 191*h - 5169. Determine z(24).
-9
Let z(p) = p**3 + 21*p**2 + 37*p - 20. What is z(-19)?
-1
Let x(y) = y**3 + 82*y**2 + 78*y - 262. Determine x(-81).
-19
Let v(b) = 87*b**2 + 430*b - 7. Give v(-5).
18
Let c(m) = 5*m**2 + 100*m + 161. What is c(-18)?
-19
Let d(c) = -3*c + 404. Give d(134).
2
Let p(a) = -10*a + 70. What is p(11)?
-40
Let c(p) = -p**3 + p**2 + 3*p - 79. Calculate c(-5).
56
Let g(p) = -182*p - 2659. Determine g(-14).
-111
Let o(i) = -2*i**2 + 19*i + 38. Calculate o(10).
28
Let d(q) = -13*q - 360. Determine d(-13).
-191
Let j(h) = h**3 - 30*h**2 - 397*h - 115. What is j(40)?
5
Let o(s) = -4359*s + 4355. Calculate o(1).
-4
Let n(r) = -r**2 + 13*r + 63. Calculate n(29).
-401
Let f(w) = w - 55. Give f(77).
22
Let n(j) = j**3 - 8*j**2 + 11*j - 35. What is n(8)?
53
Let k(n) = n**3 - 6*n**2 + 12*n - 40. What is k(4)?
-24
Let l(m) = 33*m + 1225. Calculate l(-36).
37
Let j(i) = -4706*i + 9417. What is j(2)?
5
Let r(c) = c**3 - 362*c**2 - 735*c + 2547. Calculate r(364).
-1
Let w(z) = z - 34. Give w(20).
-14
Let k(h) = -h**2 - 22*h - 13. Give k(-2).
27
Let l(h) = 299*h - 309. Calculate l(1).
-10
Let g(a) = 3*a**2 - 13*a + 34. Give g(3).
22
Let y(g) = -g**2 + 39*g + 775. Determine y(54).
-35
Let s(k) = -k**3 + 124*k + 405. Determine s(-9).
18
Let l(u) = 24*u**2 + 1736*u - 1177. Determine l(-73).
-9
Let u(g) = -g**3 - 33*g**2 + 60*g - 340. Give u(-35).
10
Let h(t) = 10*t - 43. Calculate h(8).
37
Let u(h) = 16*h**3 + 3*h**2 + 14*h + 6. Calculate u(-2).
-138
Let o(z) = 30*z - 320. Determine o(9).
-50
Let u(h) = -h**3 + 4*h**2 - 9*h + 61. Determine u(7).
-149
Let p(r) = -30*r**3 - 6510*r**2 + 4*r + 880. Give p(-217).
12
Let y(n) = -157*n - 1236. What is y(-7)?
-137
Let p(m) = 83*m + 572. Give p(-7).
-9
Let l(p) = -3*p**3 - p - 157. Give l(0).
-157
Let r(b) = b**2 + 16*b - 46. What is r(-19)?
11
Let r(o) = -414*o - 2489. Determine r(-6).
-5
Let v(p) = -2*p**3 - 5*p**2 - 74*p - 405. Determine v(-5).
90
Let j(h) = -5*h**2 + 736*h - 2952. Calculate j(4).
-88
Let w(s) = -15*s**2 + 92*s + 79. Give w(7).
-12
Let l(b) = -35*b**2 - 698*b + 42. Give l(-20).
2
Let v(w) = -12*w - 88. Give v(-6).
-16
Let t(f) = -7*f - 49. What is t(-11)?
28
Let a(x) = 4*x**2 - 563*x - 1889. What is a(144)?
-17
Let y(x) = -286*x - 7136. What is y(-25)?
14
Let n(w) = 37*w - 242. Calculate n(9).
91
Let x(t) = 98*t - 370. What is x(4)?
22
Let m(w) = -1129*w - 6513. Determine m(-6).
261
Let q(m) = m**2 + 37*m + 54. Give q(-26).
-232
Let l(s) = -75*s**2 - 1123*s + 37. Calculate l(-15).
7
Let w(l) = 5*l**2 - 88*l + 53. What is w(16)?
-75
Let k(i) = -29*i - 4. What is k(-9)?
257
Let t(k) = 25*k + 218. Give t(-16).
-182
Let l(y) = y**2 + 14*y + 11. What is l(-5)?
-34
Let l(f) = -4*f**3 - 54*f**2 - 28*f + 1. Determine l(-13).
27
Let z(m) = -m**2 - 39*m - 195. Determine z(0).
-195
Let r(h) = h**2 + 290*h - 585. Determine r(2).
-1
Let n(s) = s**2 + 81*s + 1632. What is n(-39)?
-6
Let v(y) = -26*y - 1679. Calculate v(-57).
-197
Let a(l) = -4*l**3 + 49*l**2 - 4*l - 102. What is a(12)?
-6
Let j(n) = -36*n + 667. Calculate j(14).
163
Let y(g) = -g**3 - 74*g**2 - 279*g. What is y(-4)?
-4
Let i(o) = 32496*o + 64996. What is i(-2)?
4
Let j(o) = 2*o**3 - 57*o**2 + 72*o + 233. Determine j(27).
-10
Let x(y) = 14*y + 29. Determine x(-2).
1
Let w(c) = 287*c - 857. What is w(3)?
4
Let d(p) = -p**2 + 136*p + 5167. Determine d(-31).
-10
Let v(n) = -2*n**3 - 18*n**2 - 46*n - 15. Determine v(-5).
15
Let u(n) = -31*n - 973. Give u(-33).
50
Let i(x) = 5*x - 82. Calculate i(20).
18
Let h(j) = 19*j + 1882. Determine h(-92).
134
Let x(c) = c**2 - 30*c + 73. Calculate x(28).
17
Let y(d) = -89*d + 7123. Determine y(80).
3
Let x(a) = -a**2 - 135*a - 1337. Give x(-124).
27
Let j(o) = 39*o + 304. Calculate j(-8).
-8
Let c(s) = -95*s + 2959. Determine c(31).
14
Let i(l) = -l**2 + 27*l - 39. Calculate i(25).
11
Let v(m) = -249*m - 130. Give v(1).
-379
Let q(x) = x**2 - 155*x + 2837. What is q(134)?
23
Let c(b) = -b**3 + 42*b**2 + 107*b + 1262. Determine c(45).
2
Let b(s) = 4*s**3 - 112*s**2 + 2*s - 41. Calculate b(28).